*4/24 - 5*m**3 - 10*m**2. Let p be q(-15). Suppose p = -11*k + 6*k + 460. What is the tens digit of k?
9
Suppose -4500 - 560 = -23*h. What is the hundreds digit of (-123)/((-11)/(h/(-56)) + -3)?
6
Let m(z) be the first derivative of 23*z**3/3 + 4*z + 57. What is the tens digit of m(2)?
9
Suppose 48*n - 56731 - 8909 - 17928 = 0. What is the units digit of n?
1
Suppose 0 = 17*p - 109059 - 53631. What is the hundreds digit of p?
5
Let h(y) = -y**3 + 18*y**2 + 88*y - 2. Let i be h(22). What is the thousands digit of (56389/(-62))/(1/i)?
1
Let v(j) = -2*j + 0*j - 9*j**2 + j**3 + 11*j**2 - 9 - 2*j. Let s be v(-5). What is the units digit of s/16*(0 - 38)?
2
Let j(v) = 4*v**3 + 11*v**2 - 2*v - 1. Let c be j(4). Suppose 0 = -14*t + 4721 - c. What is the tens digit of t?
0
Suppose -74385 = -5*x + 4*m, -92*x + 90*x + 4*m + 29766 = 0. What is the hundreds digit of x?
8
What is the hundreds digit of 6/12*(-100158)/4*(-1480)/555?
3
Let k = 13197 + -7386. What is the hundreds digit of k?
8
Let w be ((-115)/10 - -4)/((-7)/(-14)). What is the units digit of 6890/w*12/(-8)?
9
Let d = 283 - 195. What is the hundreds digit of (-2352)/(-10) + d/(-440)?
2
Suppose l - 1282 = -4*f - 312, -3*l + 3*f + 2850 = 0. What is the hundreds digit of (l + (2 - 2))/(36/18)?
4
Let d = -53 - -75. Suppose 5*k + 3*l - d = 0, 0 = 5*l - 1 - 19. Suppose 195 = m + c, 5*m + 5*c - 579 = k*m. What is the tens digit of m?
9
Let m(o) = -83*o**2 + o**3 - 12 + 71*o**2 + 37*o + 2. What is the tens digit of m(11)?
7
Let n(t) = t**3 - 10*t**2 - 4*t - 10. Let h be n(10). Let i = h + 89. What is the units digit of ((-84)/18)/((-2)/i)?
1
Suppose -40*s = -32*s - 17536. What is the tens digit of s?
9
Suppose 10*n - 10086 = 12124. Suppose -5*i + n + 879 = 0. What is the hundreds digit of i?
6
Let w(s) = 172*s**2 + 10*s - 15. Let x be w(5). Suppose -13*t = 2*t - x. What is the units digit of t?
9
Suppose -n - 169 = -14*n. Suppose n = 4*d + 1. Suppose -d*r - 406 = -979. What is the units digit of r?
1
Suppose -4*p + 691 + 726 = o, -4*p = -2*o - 1414. Let j = -35 + 38. Suppose -2*h + 94 = 4*l - 144, 5*l = -j*h + p. What is the units digit of h?
3
What is the ten thousands digit of (-876)/11826 + (-1001567)/(-27)?
3
Let k be ((-37)/(-74))/(1/6). Suppose j - 4*l - 340 - 249 = 0, 0 = -j + k*l + 591. What is the tens digit of j?
9
Let s = 3034 + -1794. Suppose -3*l - 3*x = -1845, -2*l = 9*x - 5*x - s. Suppose 5*c - 4*o = o + l, -c + 122 = 5*o. What is the hundreds digit of c?
1
Suppose 2*w = -5*w + 84. Let s(z) = -z + 16. Let r be s(w). Suppose 3*m - r*f - 230 = 0, -3*m + 4*f - 316 = -7*m. What is the tens digit of m?
7
Let p = 136 - -104. Suppose 8 = 2*n - o - o, -3*n + 2*o + 10 = 0. Suppose -2*y + 5*k = y - 359, n*y = 4*k + p. What is the units digit of y?
8
Suppose -2*x - 5729 = -4*x - m, -4*x + 11449 = -m. Let y = x + 237. What is the tens digit of (-1*4 - -1)*y/(-75)?
2
Let q(w) be the second derivative of 7*w**4/12 + 4*w**3/3 - 79*w**2/2 - 166*w. What is the tens digit of q(-14)?
8
Let t = 6519 - 4483. Suppose -4*b = -0*b - t. What is the hundreds digit of b?
5
Let p(q) be the first derivative of -q**4/4 + q**3 + q**2/2 - 3*q + 30. Let b be p(3). Suppose b = -2*g + 62 + 296. What is the hundreds digit of g?
1
What is the tens digit of 4*(-5)/(-20) - 25*-130?
5
Suppose -52*n + 2*n + 343350 = 0. What is the units digit of n?
7
Let j(b) = 31 + 25 + b**2 + 0*b**2 - 4 - 2*b. Suppose -2*p + 2 = -0*p + 4*c, 0 = -4*p + 2*c + 44. What is the units digit of j(p)?
5
Let b(v) = 341*v + 51. Let p be b(16). Suppose p + 685 = 18*w. What is the hundreds digit of w?
3
Let a = 1639 - -3845. What is the units digit of a?
4
Let n(o) = 2*o. Let f be n(3). Suppose 0*p = 3*p - f. Suppose b + p*b - 465 = r, 5*r = 2*b - 310. What is the tens digit of b?
5
Let z be (-1 - -5)*(-22)/(-44). Suppose -d + 182 = 4*w, 0 = -z*d + 7*w - 3*w + 328. What is the hundreds digit of d?
1
Suppose -2*z - 5*h + 27482 = 5351, -4*z = -h - 44207. What is the tens digit of z?
5
Suppose -a - 19*q + 16*q + 5892 = 0, 5*a = -q + 29488. What is the units digit of a?
8
Suppose 4*o = 2*q - 840, -6*q + 4*o = -5*q - 428. Suppose -3792 = -q*l + 406*l. What is the tens digit of l?
3
Let c = -7582 - -14864. What is the thousands digit of c?
7
Let m(z) = -95*z**3 - 4*z**2 + 2*z + 4. Let t be m(-1). Let k(q) = -q**2 + 2*q - 6. Let p be k(5). Let a = t + p. What is the units digit of a?
2
Let p(x) = x**3 - 107*x**2 - 574*x + 192. What is the thousands digit of p(113)?
1
Let i(y) = y**2 - 14*y + 10. Let w be i(13). Let u be (w - -4)/((-3)/(-468)). Suppose -4*k + 163 = 3*f - u, 5*k - 215 = -2*f. What is the units digit of f?
5
Suppose 3*s - 7*b = -4*b - 78, 2*b = -3*s - 98. What is the hundreds digit of 1/3 + (-50)/s + 257?
2
Let q(t) = 15*t - 2. Let w(b) = 15*b - 1. Let p(a) = 2*q(a) - 3*w(a). Let i(r) = 24*r - 342. Let h be i(14). What is the tens digit of p(h)?
8
Let o = 129 + -125. Suppose -o*k - 638 = -l, -4*l - 4*k + 2492 = -0*l. What is the tens digit of l?
2
Suppose 20*t = 30*t - 54600. What is the tens digit of t?
6
Suppose 0 = -19*b + 24*b + 6*q - 117108, 3*q - 23418 = -b. What is the tens digit of b?
2
Suppose 5*o - 29162 = -3*z, -8*o + 6*o + 2*z = -11652. What is the tens digit of o?
3
Let d(f) = -477*f + 355. What is the hundreds digit of d(-6)?
2
Suppose -5*l + 7783 = -3*x, 4*x = -4*l + 8*l - 6228. Suppose 1186 + l = 2*s. What is the units digit of s?
1
What is the units digit of (-2)/26 + (-8)/((-624)/2550606)?
0
Let l be ((-3)/12)/(3/(-1380)). Suppose 4*s + 87 = l. Suppose -550 = -3*z - s*z. What is the units digit of z?
5
Suppose 36495*v - 36481*v = 177548. What is the tens digit of v?
8
Suppose 37*u = 40*u - 153. Let q = 56 - u. Suppose -q*p - 223 = -3*l + 445, -4*l - 2*p = -934. What is the units digit of l?
1
Let b be (-1 - -1)*(25 + (-3427)/138). Let a(z) be the first derivative of -2*z**3/3 + 88*z + 1. What is the tens digit of a(b)?
8
Let l be ((-76)/3)/((-18)/27). Suppose -950 = -l*f + 114. What is the tens digit of f?
2
Suppose -5*h - 11*h = -197904. What is the ten thousands digit of h?
1
What is the hundreds digit of (-4)/(-22) + 15590016/2288?
8
Let a = 22 + -11. Let z(g) = g**2 + 15*g + 1. Let j be z(a). Let o = 430 - j. What is the tens digit of o?
4
Let t = 116 - 113. Suppose t*x - 4*x = -100. What is the tens digit of x?
0
Suppose 2*o - o - 3*k = 162, -5*o + k = -838. Let d = -4 + 5. What is the tens digit of (d/((-4)/o))/(-1)?
4
What is the thousands digit of (65 + 2)*113 + 120/(-336)*-14?
7
Suppose 0 = 4*w + 19*s - 21*s - 10200, -w + s = -2551. What is the units digit of w?
9
Suppose -5*n - 103403 = -5*d - 3*n, -5*n + 103410 = 5*d. What is the hundreds digit of d?
6
Suppose 0*i = 2*i + 3*d - 103, -5*i + d = -300. Suppose 0 = b + 2, -36 = -2*k + 5*b - 86. Let x = i + k. What is the tens digit of x?
2
Let t = -1125 - -1144. Let j be (1 + 50)/(9/84). Suppose -t*y = -23*y + j. What is the hundreds digit of y?
1
What is the units digit of 4 + (93691/7 - 1) - (-21)/(-49)?
7
Suppose -2*c - 47864 = -5*o - 8238, o - 2*c - 7922 = 0. What is the units digit of o?
6
Suppose -2*a + 8 = 0, 0 = t - 11*a + 14*a - 2825. What is the tens digit of t?
1
Let m(h) = -7*h**2 + 3*h**2 - 25 - 14*h**3 + 2*h**2 + 13*h**3 - 6*h**2 - 13*h. What is the units digit of m(-13)?
9
Suppose 12*o - 17*o - d + 217 = 0, -2*d = 6. Suppose 0 = -2*j, -o*m + 40*m + 4952 = -5*j. What is the tens digit of m?
3
Suppose -256*u = -251*u - 1830. Suppose -63*l + 65*l = u. What is the tens digit of l?
8
Let n(i) = 3925*i**2 + 294*i + 1181. What is the tens digit of n(-4)?
0
Let w be (-2)/(-12) + (-11964)/72. Let s = -61 - w. What is the hundreds digit of s?
1
Suppose 65*h - 87253 = 783908 - 2241. What is the thousands digit of h?
3
Let c be -2 + 7 + 4/(-2) + 16. Let y = c + -16. Suppose -4*n - 5*q = -265, y*n - q = 8*n - 305. What is the units digit of n?
0
Suppose -57*m + 59*m - 406 = 0. Suppose 4*s = 2*s + 5*c + 139, -3*s = -2*c - m. What is the tens digit of s?
6
Suppose 0 = 25*a + 17*a + 1512. Let j(f) = -f**3 - 36*f**2 - 14*f - 37. What is the tens digit of j(a)?
6
Suppose -131*h + 466122 = -85781. What is the units digit of h?
3
What is the thousands digit of 3 + (-154)/49 - (-51199)/7?
7
Suppose -3*g + 6992 = 4709 - 5658. What is the thousands digit of g?
2
Suppose -k = 